7
Let s(k) = -574*k - 755. What are the prime factors of s(-5)?
3, 5, 47
Let d(g) = -1. Let j(b) = b + 8. Let f(m) = -3*d(m) + 3*j(m). Let v be f(-7). Suppose -v*w + 301 = w. List the prime factors of w.
43
Let n be (2/8)/(3/(-25692)). Let y = n - -3215. What are the prime factors of y?
2, 3, 179
Let a(f) = -13*f**3 - 11*f**2 - 6*f - 7. Let z be a(-5). Let j = z + -1. List the prime factors of j.
2, 7
Suppose -122*z + 44*z + 3346 = -149378. List the prime factors of z.
2, 11, 89
Let s be 8 + 4 + -1 + -1. Suppose 0 = 5*u - s*u. Suppose u = -4*w - 4*w + 848. What are the prime factors of w?
2, 53
Let y(b) = -105*b + 707. What are the prime factors of y(-24)?
7, 461
Let f(q) = -q**3 + 18*q**2 + 27*q + 20. Let p = -113 - -114. Let u be (p + 37)*(1*-2)/(-4). What are the prime factors of f(u)?
2, 43
Let o(h) be the third derivative of -5*h**4/24 + 251*h**3/6 + 47*h**2. List the prime factors of o(-15).
2, 163
Let n = 1 + 2. Suppose -5*m - 68 = -2*t - m, 72 = 2*t - n*m. List the prime factors of t.
2, 3, 7
Suppose 0 = 2*b - 6910 - 5735 - 7077. List the prime factors of b.
3, 19, 173
Let c(z) = 2*z**3 + 10*z**2 - 11*z - 15. Let q be c(-8). Let a = 486 + q. What are the prime factors of a?
5, 7
Let r(w) = 79*w + 147*w + 27 - 32*w - 7. Let u be r(5). Suppose -216 + u = 6*h. What are the prime factors of h?
3, 43
Let t(k) = 286*k**2 + 132*k - 1066. List the prime factors of t(8).
2, 3, 3049
List the prime factors of 15983808/1581 + 2/31.
2, 3, 5, 337
Let f = -146 - -33. List the prime factors of (1 + -2)/(3 + 340/f).
113
Suppose 2*g + 6*k - 36 = 0, 0*g - 8 = 2*g - 5*k. Let u(t) be the first derivative of t**4/4 - t**3 - 7*t**2/2 + 5*t + 2. What are the prime factors of u(g)?
71
Let j be (-314)/(-2355) + (-1 - (-403)/15). Suppose -107 = -4*h + 4*t + t, -91 = -2*h - 5*t. Let a = h - j. List the prime factors of a.
7
Let m(q) = -2*q**3 + 13*q**2 + 23*q + 61. What are the prime factors of m(-10)?
31, 101
Let c(a) = -2*a**2 + 3*a - 4. Let b be c(1). What are the prime factors of b - (-3 - -6 - 195)?
3, 7
Suppose -1 + 7 = -3*o. Let t = 13 - o. Let z(k) = -k**2 + 20*k + 40. List the prime factors of z(t).
5, 23
Suppose 0 = d - 5*j + 14, 33 + 21 = 4*d + 2*j. Let p(x) = -x + 29. Let w be p(d). Suppose -7*m = -6*m - w. What are the prime factors of m?
2, 3
Let h = 127 + -115. Let a = h + -9. What are the prime factors of ((-19)/4 - -1)/(a/(-12))?
3, 5
Let l(p) = 3*p + 38. Let z be l(-10). Suppose -2*i - 3*v - 81 = 0, 3*i + 3*v - 192 = z*i. What are the prime factors of (-449)/(-3) - 52/i?
151
Let q = -6718 + 6727. What are the prime factors of q?
3
Let t be 2 - (-1011)/6 - 12/(-8). Let k = -89 + t. Let d = -50 + k. What are the prime factors of d?
3, 11
Let c be (-203)/21 + -1 + (-2)/6. List the prime factors of 9 + (c - -1) + 1304 + -1.
2, 3, 7, 31
Let b(s) be the first derivative of -s**4/2 + 7*s**3/3 + 2*s**2 + 2*s - 34. Let c be b(4). List the prime factors of 122 + -12 - (2 + c).
2, 53
Let y(p) = 5*p + 76. Let n be y(-12). Let g(o) = 16*o + 27. List the prime factors of g(n).
283
Let i = -9322 - -25956. List the prime factors of i.
2, 8317
List the prime factors of ((-21)/7)/((-21)/20006).
2, 1429
List the prime factors of (38/(-6))/((-70045)/(-14010) + -5).
2, 19, 467
Suppose 5*y - 4*b = 113, y + 2*y + 5*b - 90 = 0. Suppose -3*h - 10 = -y. Suppose h*a - 693 = -4*g, -363 = -3*a - 3*g + 51. What are the prime factors of a?
3, 47
Let y(f) be the second derivative of -4*f**3/3 + 13*f**2 - 24*f. Let r be y(5). List the prime factors of (-10)/35 + (-158)/r.
11
Let x = 96 + -93. Suppose -3*l = x*s - 522, -3*s - 5 = -2*s. List the prime factors of l.
179
Suppose 30*r + 6402 = -74088. Let x = -1791 - r. List the prime factors of x.
2, 223
Suppose 0 = 42*p - 64*p + 380688. What are the prime factors of p?
2, 3, 7, 103
Let z = -61 + 65. Suppose 2*x - 5*v - 2223 = 0, 7*v - 5*v = z*x - 4438. What are the prime factors of x?
1109
Let i be (12/(-2) - -2)/(4/(-6)). Suppose -6 = -2*y + 4*n, 0 = 2*y + 2*n - 7*n - i. Suppose y*g = -0*g + 36. What are the prime factors of g?
2, 3
Let a(r) = -r**3 - 26*r**2 + 21*r - 4. Let w = 100 + -127. What are the prime factors of a(w)?
2, 79
Suppose -648 = -2*b - 210. Let c = b + -37. List the prime factors of c.
2, 7, 13
Let d be -2 - (-389 - 4/((-16)/4)). Suppose -d = -5*t + 654. What are the prime factors of t?
2, 13
Let o = -80 + 82. Suppose -o*x - 40 = -3*h - 8, -4 = 4*x. Suppose q = -h + 133. List the prime factors of q.
3, 41
Suppose 200 = 2*i + 16. Suppose -12 + i = -5*h. What are the prime factors of (-30)/h*4*12?
2, 3, 5
Let x(u) = 3*u + 60. Let w be x(10). Let l = 327 + w. List the prime factors of l.
3, 139
Suppose -1834*l = -1908*l + 5224252. List the prime factors of l.
2, 11, 3209
Let f = -161 - -164. Suppose 2*l = 2*c - 2*l - 30, -2*c = -3*l - 33. Suppose -q + c = -0*q + f*y, q = y + 21. What are the prime factors of q?
3, 7
Let l be (-8)/(-5)*3/(6/(-5)). Let u be 0 + (l - 953/(-1)). Suppose 14*g = 4477 - u. What are the prime factors of g?
2, 3, 7
Let p(h) = 308*h**3 - h**2 - 2*h + 2. Let z be p(1). Suppose -z = -3*q + 2*b - 874, 0 = 4*q + 3*b + 739. Let c = -109 - q. List the prime factors of c.
2, 3, 13
Suppose 5*f + 46947 = 3*c, f + 62562 = -3*c + 7*c. List the prime factors of c.
3, 13, 401
Let x(u) be the third derivative of -u**6/120 - 7*u**5/60 - 5*u**4/24 - 2*u**3/3 - 8*u**2. Let j be x(-7). Suppose n - 79 = j. List the prime factors of n.
2, 5, 11
Let v(r) = 2*r**3 - 7*r**2 + 2*r - 1. Let c be v(5). Suppose -20*s + c = -23*s. Let i = s - -46. What are the prime factors of i?
2, 3
Let q(p) = -41*p + 6. Let x(h) = h**3 - 3*h**2 - 8*h - 12. Let k(m) = -2*m**2 + 10*m + 5. Let a be k(5). Let w be x(a). List the prime factors of q(w).
2, 11
Let s(d) be the first derivative of -d**5/60 + 7*d**4/6 + 3*d**3 + 37*d**2/2 + 19. Let c(j) be the second derivative of s(j). List the prime factors of c(15).
3, 71
Suppose 0*o - 3*o - 21 = 3*u, -3*u + 3*o = 3. Let a(z) = 21*z + 5. Let g(y) = -10*y - 2. Let i(v) = 4*a(v) + 9*g(v). What are the prime factors of i(u)?
2, 13
Suppose d - w - 26 = 0, 3*d - w = 27 + 55. Let c be 8/d - 2/7. Suppose 5*b - 62 - 323 = c. What are the prime factors of b?
7, 11
Suppose 41180 = 5*k - 5*x, 0 = 3*k + 9*x - 8*x - 24696. List the prime factors of k.
8233
Let y(k) be the first derivative of 7*k**2/2 - 12*k - 297. Let u = -18 + 34. List the prime factors of y(u).
2, 5
Let i be -3 + 3 + 15/(-3). Let k(q) = -2*q**3 - 5*q**2 - 5*q - 6. What are the prime factors of k(i)?
2, 3
Let h(r) = 3*r + 2. Let d(n) = n**2 - 5*n. Let c be d(5). Let b be h(c). What are the prime factors of (2/b)/((-18)/(-180))?
2, 5
Let l be ((-20864)/(-80))/(1/5). Suppose -22*d + 830 + l = 0. What are the prime factors of d?
97
Suppose 0 = 3*s + 15, -4*y - 12*s = -9*s - 4113. List the prime factors of 19/(532/y)*(22 - 1).
2, 3, 43
Let x = 19 - 13. Let d = 10 + x. Let a = 75 + d. What are the prime factors of a?
7, 13
Suppose 5*c = -5, -2*c - c = m - 234. Let d be ((-3)/(-6))/((54/(-4956))/(-9)). Let j = d - m. What are the prime factors of j?
2, 11
Suppose 5*v - 27133 = w + 42185, 4*v = 5*w + 55467. What are the prime factors of v?
3, 4621
Let v(u) = -u**2 + 12. Let n be v(-4). What are the prime factors of (5*(-2)/n - 139)*-2?
3, 7, 13
Let j(s) = s**2 - 14*s - 27. Let x be j(16). Suppose x*f + 3*g = g + 1108, 3*f + 2*g - 668 = 0. List the prime factors of f.
2, 5, 11
Suppose 10 = -2*u, -3*s - 5*u + 18973 = -10*u. What are the prime factors of s?
2, 1579
Let n(u) = -5*u**3 - 2*u**2 - 14*u + 4117. What are the prime factors of n(0)?
23, 179
Let t = 4711 + 583. What are the prime factors of t?
2, 2647
What are the prime factors of ((-105)/6)/(-5) - (-9 - 1927827/54)?
71, 503
Let i = -6862 - -14592. What are the prime factors of i?
2, 5, 773
Let r = -2539 - -1544. What are the prime factors of (r - 1)*(-13 + 45/4)?
3, 7, 83
Suppose 72*l = 295342 + 331969 + 183625. What are the prime factors of l?
7, 1609
Suppose -5*q + 3*t = -44407, -8*q + 13*q - 44403 = 2*t. List the prime factors of q.
13, 683
Let n be (-30 - -31)/(1/(-2)*1). Let x be (-2 - -7)/((n - 0) + 3). Suppose -x*m + 3*w = -0*w - 825, 5*m - w = 825. What are the prime factors of m?
3, 5, 11
What are the prime factors of 3618/12663 - 2/14*-210887?
47, 641
Suppose 0 = 2*i + 